 base 9, what is -20665 - -58858?
38183
In base 12, what is -3bb3 + -2bab?
-6ba2
In base 7, what is -13 + -41555150?
-41555163
In base 15, what is -3ea88 + 25b?
-3e82c
In base 6, what is 243231 - 10433?
232354
In base 11, what is 2a - -13a8649?
13a8678
In base 3, what is -101001200201112201 - 0?
-101001200201112201
In base 15, what is 3ccbe + -14?
3ccaa
In base 6, what is 14252305552 + -1?
14252305551
In base 4, what is -101323 + -2113130123?
-2113232112
In base 10, what is 23063 - -1571?
24634
In base 6, what is 105043 + -11121?
53522
In base 6, what is 51222 - -3424?
55050
In base 4, what is -1 + -12202000232?
-12202000233
In base 10, what is -220 + 16951?
16731
In base 9, what is -7638604 + 4?
-7638600
In base 7, what is -563412351 - -1?
-563412350
In base 12, what is -6846 - 5?
-684b
In base 3, what is -21122112122010021 + -11?
-21122112122010102
In base 5, what is -3230121 + 204?
-3224412
In base 8, what is -121665404 + 0?
-121665404
In base 9, what is -1070055 - 1012?
-1071067
In base 11, what is -136 + 98867?
98731
In base 11, what is -46172 + -16?
-46188
In base 10, what is 37018892 - 2?
37018890
In base 6, what is -5 - -510525023?
510525014
In base 4, what is -21002 + -3332033?
-10013101
In base 10, what is 1045363 - 24?
1045339
In base 3, what is 10102100121 + 10?
10102100201
In base 8, what is 2 + -6631527?
-6631525
In base 4, what is 32020313 + 132130?
32213103
In base 8, what is -512 - 515?
-1227
In base 8, what is -11221504 - -14?
-11221470
In base 6, what is -453554442 + -23?
-453554505
In base 11, what is 3234613 - 3?
3234610
In base 14, what is -303498c - -4?
-3034988
In base 4, what is 320032 + 20201220?
21121312
In base 9, what is -5263466 + -86?
-5263563
In base 3, what is -2102100122212 + 111?
-2102100122101
In base 2, what is 10000000001100101 + 1010?
10000000001101111
In base 8, what is -5607416 + -23?
-5607441
In base 15, what is 1d89996 + -5?
1d89991
In base 10, what is -746 + 139711?
138965
In base 4, what is 110 + -1331212033?
-1331211323
In base 15, what is -10 + -1a360?
-1a370
In base 2, what is -100 + -11000010001000010100001?
-11000010001000010100101
In base 8, what is 3525371 + -56?
3525313
In base 5, what is -132 + 1014204?
1014022
In base 4, what is 12201330212 - 21?
12201330131
In base 13, what is -483550 + -16?
-483566
In base 5, what is 401330 - -1304?
403134
In base 4, what is 12 - -103322233000?
103322233012
In base 9, what is -3 + 223863728?
223863725
In base 2, what is 1 + 1110000000011111101001101?
1110000000011111101001110
In base 6, what is -10 + 2001242002?
2001241552
In base 9, what is 131872 + 3764?
135746
In base 7, what is 15 + -11160540?
-11160522
In base 13, what is 0 + 7118a2a?
7118a2a
In base 11, what is 2 - 84846142?
-84846140
In base 4, what is 1001233021212 - 1?
1001233021211
In base 5, what is 4 + 310241010231?
310241010240
In base 6, what is -100 - 1455115205?
-1455115305
In base 10, what is 346738 + -90?
346648
In base 9, what is 1 + -4325552?
-4325551
In base 13, what is -435 - 1c20c?
-1c644
In base 10, what is 775 + 10503?
11278
In base 3, what is -201110120201110 - -121?
-201110120200212
In base 8, what is -6415 + 117457?
111042
In base 9, what is 150566 - 24?
150542
In base 8, what is -1102670167 - 4?
-1102670173
In base 5, what is -44423401 + 303?
-44423043
In base 9, what is -434 + 175426?
174882
In base 11, what is -1005223 + -24?
-1005247
In base 8, what is 5 + 125357270?
125357275
In base 7, what is -23654204 - -241?
-23653633
In base 7, what is 1030433226 + 5?
1030433234
In base 6, what is -123414343 - -20?
-123414323
In base 9, what is 3101781 - -42?
3101833
In base 6, what is 140130431 + -11?
140130420
In base 5, what is -1 - -11420021420?
11420021414
In base 6, what is -220 - 21404240?
-21404500
In base 15, what is 1 - 70e08?
-70e07
In base 13, what is 338 + -74b1c?
-747b4
In base 16, what is 5 + -21e3c27?
-21e3c22
In base 16, what is -a6 - 5d421?
-5d4c7
In base 9, what is 45515 - 100?
45415
In base 2, what is 100011100100100110110 - 0?
100011100100100110110
In base 5, what is 1042421222 + 11?
1042421233
In base 6, what is 113 - 125522030?
-125521513
In base 3, what is 20111201 - 1100012122?
-1002200221
In base 7, what is -1 - 6550324114?
-6550324115
In base 12, what is b073b6b + 2?
b073b71
In base 12, what is 3 + 1b060895?
1b060898
In base 8, what is -1 + 332020050?
332020047
In base 7, what is 46 - -326234?
326313
In base 7, what is -52 - 32330525?
-32330610
In base 12, what is -38a9a5 - -b6?
-38a8ab
In base 3, what is 122 - -1022011222011?
1022011222210
In base 10, what is 372701 - 337?
372364
In base 3, what is 10011121010 + -1010?
10011120000
In base 4, what is 13333 - -211221113?
211301112
In base 4, what is -130112030320020 + 11?
-130112030320003
In base 9, what is -12332 + -6172?
-18514
In base 6, what is 13420 + -15013?
-1153
In base 2, what is -10101010101100000101101000 + 11?
-10101010101100000101100101
In base 3, what is -101000221 - -101210000?
202002
In base 4, what is -11012331233 - -3?
-11012331230
In base 4, what is 312211 - 10203332?
-3231121
In base 3, what is -12202200 + 20111?
-12112012
In base 15, what is 1aa41b + 8?
1aa424
In base 9, what is 4647 - -57852?
63610
In base 2, what is -10011011010101000111 + 110?
-10011011010101000001
In base 16, what is -137 - -e9c5a?
e9b23
In base 9, what is 175 + 3326553?
3326738
In base 13, what is -30b5 + 385?
-2a30
In base 3, what is 1000010212 + -22?
1000010120
In base 12, what is -7435a7 + 0?
-7435a7
In base 9, what is 5 - -63083455?
63083461
In base 10, what is -150303 - 2003?
-152306
In base 13, what is 2a0c + 487?
3196
In base 6, what is -2253425 + 2200?
-2251225
In base 2, what is 10000000101111111111 - -111110011?
10000000110111110010
In base 15, what is -1d1dc19 - -1d?
-1d1dbeb
In base 12, what is ab - 39417?
-39328
In base 16, what is d72fe + -4?
d72fa
In base 16, what is 8 + -f882db?
-f882d3
In base 9, what is -6101612 + -47?
-6101660
In base 3, what is 11111020021 + -2121?
11111010200
In base 11, what is -605716 + a3?
-605623
In base 10, what is 1914 + 4607?
6521
In base 7, what is -33301636 - 0?
-33301636
In base 14, what is -38847c + -2?
-388480
In base 7, what is -206201 + -306?
-206510
In base 2, what is -1010 + 111110011110110001?
111110011110100111
In base 11, what is -12556357 + -2?
-12556359
In base 15, what is 34 + -40647?
-40613
In base 2, what is -101111110110000110001100 - -101?
-101111110110000110000111
In base 16, what is 4 + 300cc33?
300cc37
In base 14, what is -12 - 180a02?
-180a14
In base 16, what is -4c48 - 465e?
-92a6
In base 7, what is 66132341 + 3?
66132344
In base 2, what is 1111000110100101 - 100010000?
1111000010010101
In base 5, what is -120324 + 11033121?
10412242
In base 3, what is 100121 + -1001211112?
-1001110221
In base 14, what is -2 - 309c257?
-309c259
In base 15, what is -150 + -1cb1?
-1e11
In base 10, what is 490411 + 45?
490456
In base 8, what is 3431 - -243157?
246610
In base 7, what is -5 - 121224240?
-121224245
In base 4, what is -31300120 - 113130?
-32013310
In base 6, what is 4 - 3300513?
-3300505
In base 13, what is 3a + -1b768a?
-1b7650
In base 13, what is -407 + -4349?
-4753
In base 16, what is -2c0 + -1099?
-1359
In base 13, what is 4 - -509221?
509225
In base 3, what is 1 + 2102110022220?
2102110022221
In base 7, what is -154234350 + 10?
-154234340
In base 10, what is 302691 + -18?
302673
In base 2, what is -110100011001011101101111 - -1?
-110100011001011101101110
In base 16, what is -5e + f260d4?
f26076
In base 13, what is -8723 + -15b0c?
-21532
In base 16, what is -2e707 - 63?
-2e76a
In base 14, what is -2a8228d + -c?
-2a8229b
In base 7, what is -435525131 - 13?
-435525144
In base 10, what is 117268 + 72?
117340
In base 5, what is 3303033220 + -331?
3303032334
In base 2, what is -11001011111001100001100100 + -11?
-11001011111001100001100111
In base 13, what is 33bb61 - 16?
33bb48
In base 9, what is 10 - -3430064?
3430074
In base 8, what is -62 + 4771610?
4771526
In base 13, what is -3 - 84b18?
-84b1b
In base 16, what is -62 - -ff7a8?
ff746
In base 2, what is -101 - 11101000011100000000001100?
-11101000011100000000010001
In base 6, what is 24 + 555520?
555544
In base 6, what is 53115 - -2222?
55341
In base 3, what is 0 + -2102010002110210?
-2102010002110